{"id":276,"date":"2024-02-12T00:01:20","date_gmt":"2024-02-11T23:01:20","guid":{"rendered":"https:\/\/fortissimot.com\/?page_id=276"},"modified":"2024-02-21T13:51:04","modified_gmt":"2024-02-21T12:51:04","slug":"exam-readiness","status":"publish","type":"page","link":"https:\/\/fortissimot.com\/index.php\/exam-readiness\/","title":{"rendered":"Exams &#038; Certifications"},"content":{"rendered":"\n<div class=\"wp-block-columns is-layout-flex wp-container-core-columns-is-layout-28f84493 wp-block-columns-is-layout-flex\">\n<div class=\"wp-block-column is-layout-flow wp-block-column-is-layout-flow\" style=\"flex-basis:50%\"><div class=\"wp-block-image is-style-rounded\">\n<figure class=\"aligncenter size-full is-resized\"><img loading=\"lazy\" decoding=\"async\" width=\"291\" height=\"261\" src=\"https:\/\/fortissimot.com\/wp-content\/uploads\/2024\/02\/Drapeau-suisse.png\" alt=\"\" class=\"wp-image-279\" style=\"width:346px;height:auto\"\/><\/figure>\n<\/div><\/div>\n\n\n\n<div class=\"wp-block-column is-vertically-aligned-center is-layout-flow wp-block-column-is-layout-flow\" style=\"flex-basis:50%\">\n<h2 class=\"wp-block-heading\"> FIDE\/ FIDE EDU<\/h2>\n\n\n\n<p>The FIDE test is an examination offered in Switzerland for residency permit (B permit), settlement permit (C permit), or naturalization applications.<\/p>\n\n\n\n<p>This test consists of an oral part (\u00abspeaking &amp; comprehension\u00bb) and a written part (\u00abreading &amp; writing\u00bb) from level A1 to B2.<\/p>\n\n\n\n<div class=\"wp-block-buttons is-layout-flex wp-block-buttons-is-layout-flex\">\n<div class=\"wp-block-button is-style-secondary\"><a class=\"wp-block-button__link has-background wp-element-button\" href=\"https:\/\/fortissimot.com\/index.php\/fortissimot-french-lessons\/\" style=\"background-color:#0236f2a1\">Get ready for the exam!<\/a><\/div>\n<\/div>\n<\/div>\n<\/div>\n\n\n\n<div style=\"height:50px\" aria-hidden=\"true\" class=\"wp-block-spacer\"><\/div>\n\n\n\n<div class=\"wp-block-columns is-layout-flex wp-container-core-columns-is-layout-28f84493 wp-block-columns-is-layout-flex\">\n<div class=\"wp-block-column is-vertically-aligned-center is-layout-flow wp-block-column-is-layout-flow\" style=\"flex-basis:50%\">\n<h2 class=\"wp-block-heading\">TCF\/TEF<\/h2>\n\n\n\n<p>The TEF (Test d&#8217;\u00e9valuation de fran\u00e7ais) and the TCF (Test de connaissance du fran\u00e7ais) are standardized assessments of French proficiency. They measure candidates&#8217; abilities to understand, speak, read, and write in French. These tests are widely recognized for admission to study programs, immigration, employment, and other situations where French proficiency is required.<\/p>\n\n\n\n<p>From 16 years old.<\/p>\n\n\n\n<div class=\"wp-block-buttons is-layout-flex wp-block-buttons-is-layout-flex\">\n<div class=\"wp-block-button is-style-secondary\"><a class=\"wp-block-button__link has-background wp-element-button\" href=\"https:\/\/fortissimot.com\/index.php\/fortissimot-french-lessons\/\" style=\"background-color:#0236f2a1\">Get ready for the exam!<\/a><\/div>\n<\/div>\n<\/div>\n\n\n\n<div class=\"wp-block-column is-layout-flow wp-block-column-is-layout-flow\" style=\"flex-basis:50%\">\n<figure class=\"wp-block-image size-full is-resized is-style-rounded\"><img loading=\"lazy\" decoding=\"async\" width=\"288\" height=\"254\" src=\"https:\/\/fortissimot.com\/wp-content\/uploads\/2024\/02\/Drapeau-francais2.png\" alt=\"\" class=\"wp-image-296\" style=\"width:411px;height:auto\"\/><\/figure>\n\n\n\n<p><\/p>\n<\/div>\n<\/div>\n\n\n\n<div style=\"height:100px\" aria-hidden=\"true\" class=\"wp-block-spacer\"><\/div>\n\n\n\n<div class=\"wp-block-columns is-layout-flex wp-container-core-columns-is-layout-28f84493 wp-block-columns-is-layout-flex\">\n<div class=\"wp-block-column is-layout-flow wp-block-column-is-layout-flow\"><div class=\"wp-block-image is-style-rounded\">\n<figure class=\"aligncenter size-full is-resized\"><img loading=\"lazy\" decoding=\"async\" width=\"247\" height=\"209\" src=\"https:\/\/fortissimot.com\/wp-content\/uploads\/2024\/02\/Drapeau-europeen-1.png\" alt=\"\" class=\"wp-image-294\" style=\"width:350px;height:auto\"\/><\/figure>\n<\/div><\/div>\n\n\n\n<div class=\"wp-block-column is-layout-flow wp-block-column-is-layout-flow\">\n<h2 class=\"wp-block-heading\">DELF\/ DELF PRO\/ DALF<\/h2>\n\n\n\n<p>The DELF (Dipl\u00f4me d&#8217;\u00c9tudes en Langue Fran\u00e7aise) and the DALF (Dipl\u00f4me Approfondi de Langue Fran\u00e7aise) are internationally recognized certifications for assessing and attesting French language proficiency. They open opportunities for studying, working, and residing in French-speaking countries.<\/p>\n\n\n\n<p>Four sections: reading comprehension, listening comprehension, written production, oral production; from levels A1 to C2. Adult and junior versions.<\/p>\n\n\n\n<div class=\"wp-block-buttons is-layout-flex wp-block-buttons-is-layout-flex\">\n<div class=\"wp-block-button is-style-fill\"><a class=\"wp-block-button__link has-background wp-element-button\" href=\"https:\/\/fortissimot.com\/index.php\/fortissimot-french-lessons\/\" style=\"background-color:#0236f2a1\">Get ready for the exam!<\/a><\/div>\n<\/div>\n<\/div>\n<\/div>\n\n\n\n<div style=\"height:80px\" aria-hidden=\"true\" class=\"wp-block-spacer\"><\/div>\n","protected":false},"excerpt":{"rendered":"<p>FIDE\/ FIDE EDU The FIDE test is an examination offered in Switzerland for residency permit (B permit), settlement permit (C permit), or naturalization applications. This test consists of an oral part (\u00abspeaking &amp; comprehension\u00bb) and a written part (\u00abreading &amp; writing\u00bb) from level A1 to B2. TCF\/TEF The TEF (Test [&hellip;]<\/p>\n","protected":false},"author":1,"featured_media":531,"parent":0,"menu_order":0,"comment_status":"closed","ping_status":"closed","template":"","meta":{"footnotes":""},"class_list":["post-276","page","type-page","status-publish","has-post-thumbnail","hentry"],"_links":{"self":[{"href":"https:\/\/fortissimot.com\/index.php\/wp-json\/wp\/v2\/pages\/276","targetHints":{"allow":["GET"]}}],"collection":[{"href":"https:\/\/fortissimot.com\/index.php\/wp-json\/wp\/v2\/pages"}],"about":[{"href":"https:\/\/fortissimot.com\/index.php\/wp-json\/wp\/v2\/types\/page"}],"author":[{"embeddable":true,"href":"https:\/\/fortissimot.com\/index.php\/wp-json\/wp\/v2\/users\/1"}],"replies":[{"embeddable":true,"href":"https:\/\/fortissimot.com\/index.php\/wp-json\/wp\/v2\/comments?post=276"}],"version-history":[{"count":35,"href":"https:\/\/fortissimot.com\/index.php\/wp-json\/wp\/v2\/pages\/276\/revisions"}],"predecessor-version":[{"id":857,"href":"https:\/\/fortissimot.com\/index.php\/wp-json\/wp\/v2\/pages\/276\/revisions\/857"}],"wp:featuredmedia":[{"embeddable":true,"href":"https:\/\/fortissimot.com\/index.php\/wp-json\/wp\/v2\/media\/531"}],"wp:attachment":[{"href":"https:\/\/fortissimot.com\/index.php\/wp-json\/wp\/v2\/media?parent=276"}],"curies":[{"name":"wp","href":"https:\/\/api.w.org\/{rel}","templated":true}]}}